{"id":84,"date":"2010-12-01T21:35:44","date_gmt":"2010-12-01T21:35:44","guid":{"rendered":"http:\/\/74.52.133.132\/~smperio\/"},"modified":"2012-08-15T16:34:57","modified_gmt":"2012-08-15T16:34:57","slug":"odontologia-estetica","status":"publish","type":"page","link":"http:\/\/healthyteethandgumsinsantamaria.com\/spanish\/odontologia-estetica\/","title":{"rendered":"ESTETICA"},"content":{"rendered":"<h3>Odontolog\u00eda Est\u00e9tica y Cosm\u00e9tica<\/h3>\n<p><strong>Odontolog\u00eda Est\u00e9tica<\/strong> (se refiere a odontolog\u00eda cosm\u00e9tica) se puede resumir como trabajo dental que mejora la apariencia y funci\u00f3n de los dientes de la persona.<\/p>\n<ul>\n<li><a title=\"ALARGAMIENTO DE LA CORONA\" href=\"http:\/\/healthyteethandgumsinsantamaria.com\/spanish\/aesthetics\/alargamiento-de-la-corona\/\">ALARGAMIENTO DE LA CORONA<\/a><\/li>\n<li><a title=\"AUMENTAR LAS DIMENSIONES DEL HUESO\" href=\"http:\/\/healthyteethandgumsinsantamaria.com\/spanish\/aesthetics\/ridge-argumentation\/\">AUMENTAR LAS DIMENSIONES DEL HUESO<\/a><\/li>\n<li><a title=\"INJERTOS DE TEJIDOS BLANDOS\" href=\"http:\/\/healthyteethandgumsinsantamaria.com\/spanish\/aesthetics\/injertos-de-tejidos-blandos\/\">INJERTOS DE TEJIDOS BLANDOS<\/a><\/li>\n<li><a title=\"MARGEN DE ENCIAS DESNIVELADAS\" href=\"http:\/\/healthyteethandgumsinsantamaria.com\/spanish\/aesthetics\/margen-de-encias-desniveladas\/\">MARGEN DE ENCIAS DESNIVELADAS<\/a><\/li>\n<li><a title=\"PRESERVACION DEL HUESO\" href=\"http:\/\/healthyteethandgumsinsantamaria.com\/spanish\/aesthetics\/preservacion-del-hueso\/\">PRESERVACION DEL HUESO<\/a><\/li>\n<li><a title=\"FRENECTOMIA\" href=\"http:\/\/healthyteethandgumsinsantamaria.com\/spanish\/odontologia-estetica\/frenectomia\/\" target=\"_self\">FRENECTOMIA<\/a><\/li>\n<\/ul>\n","protected":false},"excerpt":{"rendered":"<p>Odontolog\u00eda Est\u00e9tica y Cosm\u00e9tica Odontolog\u00eda Est\u00e9tica (se refiere a odontolog\u00eda cosm\u00e9tica) se puede resumir como trabajo dental que mejora la apariencia y funci\u00f3n de los dientes de la persona. ALARGAMIENTO DE LA CORONA AUMENTAR LAS DIMENSIONES DEL HUESO INJERTOS DE TEJIDOS BLANDOS MARGEN DE ENCIAS DESNIVELADAS PRESERVACION DEL HUESO FRENECTOMIA<\/p>\n","protected":false},"author":1,"featured_media":0,"parent":0,"menu_order":4,"comment_status":"closed","ping_status":"closed","template":"","meta":{"footnotes":""},"class_list":["post-84","page","type-page","status-publish","hentry"],"_links":{"self":[{"href":"http:\/\/healthyteethandgumsinsantamaria.com\/spanish\/wp-json\/wp\/v2\/pages\/84","targetHints":{"allow":["GET"]}}],"collection":[{"href":"http:\/\/healthyteethandgumsinsantamaria.com\/spanish\/wp-json\/wp\/v2\/pages"}],"about":[{"href":"http:\/\/healthyteethandgumsinsantamaria.com\/spanish\/wp-json\/wp\/v2\/types\/page"}],"author":[{"embeddable":true,"href":"http:\/\/healthyteethandgumsinsantamaria.com\/spanish\/wp-json\/wp\/v2\/users\/1"}],"replies":[{"embeddable":true,"href":"http:\/\/healthyteethandgumsinsantamaria.com\/spanish\/wp-json\/wp\/v2\/comments?post=84"}],"version-history":[{"count":15,"href":"http:\/\/healthyteethandgumsinsantamaria.com\/spanish\/wp-json\/wp\/v2\/pages\/84\/revisions"}],"predecessor-version":[{"id":191,"href":"http:\/\/healthyteethandgumsinsantamaria.com\/spanish\/wp-json\/wp\/v2\/pages\/84\/revisions\/191"}],"wp:attachment":[{"href":"http:\/\/healthyteethandgumsinsantamaria.com\/spanish\/wp-json\/wp\/v2\/media?parent=84"}],"curies":[{"name":"wp","href":"https:\/\/api.w.org\/{rel}","templated":true}]}}