{"id":25,"date":"2010-11-29T21:24:32","date_gmt":"2010-11-29T21:24:32","guid":{"rendered":"http:\/\/74.52.133.132\/~smperio\/?page_id=25"},"modified":"2010-12-31T23:13:40","modified_gmt":"2010-12-31T23:13:40","slug":"tratamiento-quirurjico","status":"publish","type":"page","link":"http:\/\/healthyteethandgumsinsantamaria.com\/spanish\/periodoncia\/tratamiento-quirurjico\/","title":{"rendered":"TRATAMIENTO QUIRURJICO"},"content":{"rendered":"<h3>REDUCCION DE LAS BOLSAS<\/h3>\n<p>Durante la cirug\u00eda, la enc\u00eda y la mucosa se separaran quir\u00fargicamente de los tejidos subyacentes para lo siguiente:<\/p>\n<ul>\n<li>Permitir la visibilidad del hueso y las superficies radiculares;<\/li>\n<li>El tejido infectado y los dep\u00f3sitos de c\u00e1lculos se remueven y las superficies radiculares se raspan y se alisan;<\/li>\n<li>El hueso marginal se remodela para asemejarlo al proceso alveolar no da\u00f1ado por la enfermedad periodontal;<\/li>\n<li>Despu\u00e9s, la enc\u00eda se reubica sobre el hueso y se sostiene con suturas (puntos).<\/li>\n<\/ul>\n<p><strong>LOS BENEFICIOS SERAN<\/strong>:<\/p>\n<ul>\n<li>Disminuir los factores que predispongan a la recurrencia de la profundidad de las bolsas periodontales; y<\/li>\n<li>Mantener los dientes , proveer acceso a la higiene oral y tambi\u00e9n permitir que los profesionales limpien los dientes.<\/li>\n<\/ul>\n<h3>CIRUGIA OSEA RECONSTRUCTIVA \u2013 REGENERACION HISTICA GUIADA<\/h3>\n<p>En casos en donde hay p\u00e9rdida de hueso, es posible regenerarlo por medio de regeneraci\u00f3n h\u00edstica guiada; en donde la enc\u00eda o mucosa, o ambas, se separan quir\u00fargicamente de los tejidos subyacentes para lo siguiente:<\/p>\n<ul>\n<li>Permitir la visibilidad del hueso y las superficies radiculares;<\/li>\n<li>Remover el tejido infectado, quitar los c\u00e1lculos, raspar y alisar las superficies radiculares; y<\/li>\n<li>Remodelar el hueso marginal para asemejarlo al proceso alveolar no da\u00f1ado por la enfermedad periodontal.<\/li>\n<\/ul>\n<p>La regeneraci\u00f3n h\u00edstica guiada con injertos \u00f3seos de varios tipos se utiliza para reconstruir los defectos \u00f3seos producidos por la enfermedad periodontal.\u00a0 Varios materiales incluyen su propio hueso, hueso sint\u00e9tico, u otros injertos de hueso se pueden usar.<\/p>\n<p>Depende de la clase del defecto \u00f3seo, membranas absorbibles con o sin injerto de hueso se pueden usar.<\/p>\n<p>Despu\u00e9s del injerto de hueso y membrana, la enc\u00eda se reubica sobre la membrana y es sostenida con suturas (puntos).\u00a0 \u00a0Con la combinaci\u00f3n de injerto de huesos, materiales que aceleran la formaci\u00f3n de huesos y membranas, la regeneraci\u00f3n del hueso y tejidos blandos se d\u00e1.<\/p>\n","protected":false},"excerpt":{"rendered":"<p>REDUCCION DE LAS BOLSAS Durante la cirug\u00eda, la enc\u00eda y la mucosa se separaran quir\u00fargicamente de los tejidos subyacentes para lo siguiente: Permitir la visibilidad del hueso y las superficies radiculares; El tejido infectado y los dep\u00f3sitos de c\u00e1lculos se remueven y las superficies radiculares se raspan y se alisan; El hueso marginal se remodela [&hellip;]<\/p>\n","protected":false},"author":1,"featured_media":0,"parent":87,"menu_order":3,"comment_status":"closed","ping_status":"closed","template":"","meta":{"footnotes":""},"class_list":["post-25","page","type-page","status-publish","hentry"],"_links":{"self":[{"href":"http:\/\/healthyteethandgumsinsantamaria.com\/spanish\/wp-json\/wp\/v2\/pages\/25","targetHints":{"allow":["GET"]}}],"collection":[{"href":"http:\/\/healthyteethandgumsinsantamaria.com\/spanish\/wp-json\/wp\/v2\/pages"}],"about":[{"href":"http:\/\/healthyteethandgumsinsantamaria.com\/spanish\/wp-json\/wp\/v2\/types\/page"}],"author":[{"embeddable":true,"href":"http:\/\/healthyteethandgumsinsantamaria.com\/spanish\/wp-json\/wp\/v2\/users\/1"}],"replies":[{"embeddable":true,"href":"http:\/\/healthyteethandgumsinsantamaria.com\/spanish\/wp-json\/wp\/v2\/comments?post=25"}],"version-history":[{"count":9,"href":"http:\/\/healthyteethandgumsinsantamaria.com\/spanish\/wp-json\/wp\/v2\/pages\/25\/revisions"}],"predecessor-version":[{"id":28,"href":"http:\/\/healthyteethandgumsinsantamaria.com\/spanish\/wp-json\/wp\/v2\/pages\/25\/revisions\/28"}],"up":[{"embeddable":true,"href":"http:\/\/healthyteethandgumsinsantamaria.com\/spanish\/wp-json\/wp\/v2\/pages\/87"}],"wp:attachment":[{"href":"http:\/\/healthyteethandgumsinsantamaria.com\/spanish\/wp-json\/wp\/v2\/media?parent=25"}],"curies":[{"name":"wp","href":"https:\/\/api.w.org\/{rel}","templated":true}]}}